e n(-4).
13
Let a(w) = w**2 - 2*w + 3. Let i be a(2). Let m(z) = z**3 + z**2 - 2. Let n be m(0). Let q be 14/i - n/(-3). Let o(h) = h**3 - 3*h**2 - 6*h + 3. Calculate o(q).
-5
Suppose 0*l + l = 5*d - 9, -2*l + 6 = 2*d. Let m(q) = 4*q**2 - q. Let x be m(-1). Let c(s) = -x*s**d - s + s. What is c(-1)?
-5
Let r(v) = -3*v + 1. Let n(z) = 5*z. Let l(h) = h. Let a(b) = 4*l(b) - n(b). Let f(k) = -7*a(k) + 2*r(k). Give f(3).
5
Let r(f) = f + 5. Let b be r(-4). Let w(x) = -7*x**3 - 6*x**2 - x + 6. Let u(p) = -20*p**3 - 17*p**2 - 3*p + 17. Let d(i) = 6*u(i) - 17*w(i). What is d(b)?
-2
Suppose 5*o - 14 = b - 3*b, -2*o - b = -6. Let s(t) = 0*t**3 - 3*t**o - 3*t - t**3 - t**2. Let d be s(-2). Let n(r) = 2*r**2 + 3*r + 3. Determine n(d).
5
Let u(l) = 7*l**2 - 1 - 3*l + 4 - 2*l**2 - l**3. Let n(k) = 3*k**2 - 6*k**3 - 3 - k + 1 + 5*k**3 + k**2. Let a be n(3). Give u(a).
7
Let z(r) = 20*r + 18. Let a(f) = -7*f - 6. Let g(i) = 17*a(i) + 6*z(i). Determine g(0).
6
Let o(f) = f**3 - f**2. Let d = 6 - 4. Suppose 0 = d*q - 4*q - 2. Give o(q).
-2
Suppose 2*s + 5*z = 3*s + 22, -2*s - 4 = -2*z. Let r(g) be the second derivative of 0 - 1/6*g**3 - s*g**2 + 2*g. Determine r(-5).
-1
Let g(n) = -n**3 - 7*n**2 - 6*n - 6. Suppose -3 = -a - 9. Calculate g(a).
-6
Suppose q - 3 = 3. Suppose -2*z = -6 + 2, -q = 2*a + z. Let d(c) = 3*c + 5. What is d(a)?
-7
Let o(b) be the third derivative of b**5/60 + 5*b**3/6 - 3*b**2. Suppose 2*d = -d + 6. Suppose -3*v = d*v. Give o(v).
5
Let v(f) = -f**3 + 5*f**2 - 7*f + 6. Let y be v(4). Let b(j) = -5*j**2 - 8*j + 1. Let c(n) = n**2 + n - 1. Let z(l) = y*c(l) - b(l). Give z(4).
-3
Suppose -5*o = x - 23, -x + o + 0*o - 1 = 0. Let a(y) = -y**2 + y. Calculate a(x).
-6
Let w = 90 - 90. Let r(u) = -u**2 - 3. Give r(w).
-3
Let v(n) = -n**3 + n - 1. Let y be v(1). Let k be (2 - 2 - -5)*y. Let c(u) = u**3 + 5*u**2 - 2*u - 5. Give c(k).
5
Let w(r) = r**2 + 6*r + 2. Let l = 58 - 62. What is w(l)?
-6
Let k(m) = 21 - 10 - 5 - m - 3. Calculate k(7).
-4
Let u(a) be the third derivative of a**4/24 + 31*a**2. What is u(-4)?
-4
Let p(m) = 10 - m + 16 - 19 - 2*m. Give p(6).
-11
Suppose 3*o - 7*o = -8. Suppose -k - o*k - 3 = 0. Let m(j) = 6*j**2 + 1. What is m(k)?
7
Suppose -3 = -7*t + 4*t. Let r(a) be the first derivative of -7*a**4/12 + a**3/6 - a**2/2 - a - 2. Let w(l) be the first derivative of r(l). What is w(t)?
-7
Suppose 4*b = 7 - 19. Let s(u) = -u**3 - 5*u**2 - 3*u - 2. Calculate s(b).
-11
Let x(m) = -13*m. Let w be (-26)/182 + (2 - (-40)/(-14)). Calculate x(w).
13
Let u(q) be the second derivative of -3/2*q**2 + 0 + 1/20*q**5 - 1/12*q**4 - 1/2*q**3 - q. Suppose 0*w = 4*w - 12. Give u(w).
6
Let q be -2 - (-2 - -1 - 1). Let u(y) = -y - 2 + q - 1 + 4. Let a(n) = -6*n + 1. Let x be a(1). Give u(x).
6
Let w be 8/(-20) - 3/5. Let c(q) = -6*q - 8*q + 1 + 5*q. Let d(t) = 26*t - 3. Let v(g) = 11*c(g) + 4*d(g). Calculate v(w).
-6
Let c(i) = -i**2 + 11*i - 3*i - 4*i + i - 5. Give c(5).
-5
Let l(a) = -a**3 - 6*a + 10. Let u(n) = -n. Let d(g) = l(g) - 5*u(g). Let c(r) = -2*r**2 - r + 10. Let q be c(2). Give d(q).
10
Let x(m) = -m**2 - 6*m - 1. Let n be x(-5). Suppose -4*s - 20 + n = 0. Let o(t) be the third derivative of t**4/8 + 5*t**3/6 - 2*t**2. Determine o(s).
-7
Let b = -1 + 3. Let z(l) = l**2 - 3*l**b + 2 + l + 3*l**2 - 7*l. Calculate z(5).
-3
Let z(m) be the third derivative of m**4/24 - 7*m**3/6 + 38*m**2. Give z(4).
-3
Suppose -3*k + 7 = -2. Let r(u) = k*u**2 - 5*u**2 + 7*u + 4*u**2 + 4 - u**2. Calculate r(-6).
-2
Let w(r) = 5*r**2 - 2*r - 1. Let i(x) = -3*x + 1. Let s be i(-1). Let o = 1 + 3. Let c be o/8 + (-6)/s. Give w(c).
6
Let q(i) = -2*i + 4. Let o(j) = j - 3. Let a be o(4). Suppose d - 2 = a. Calculate q(d).
-2
Let k be (-22)/6 + 4/6. Let f(l) = -14*l**2 - 17*l + 5. Let j(d) = -5*d**2 - 6*d + 2. Let n = -24 + 35. Let h(i) = n*j(i) - 4*f(i). Determine h(k).
5
Let d(l) = l + 5. Suppose 4*a - v = 4*v - 57, -3*v = -a - 23. Determine d(a).
-3
Let v be (-5)/(-10) + (-11)/(-2). Let s = v - 5. Let y(b) = 0 - b - 29*b**3 - b**2 + 37*b**3 + 1. Determine y(s).
7
Let l(o) = o - 2. Let v be l(9). Let m(b) = -b + 10. Let r be m(v). Let y(a) = a**3 - 2*a**2 - 3*a - 1. Give y(r).
-1
Let k be (-20)/(-9) + (-56)/252. Let h(c) = -c**3 + c**2 + c + 1. What is h(k)?
-1
Let o(d) = d - 3. Let s be ((-50)/(-15))/(-5)*-6. Calculate o(s).
1
Let n(b) = -b**2 - 3*b + 5. Let r(u) be the first derivative of u**4/4 - u**3 + 3*u**2/2 - 4*u - 2. Let d be r(3). Suppose d*p + 22 - 2 = 0. What is n(p)?
1
Suppose m - 4*m = -12. Let j = m + -10. Let n(w) = 2*w + 7. Give n(j).
-5
Let m(h) be the first derivative of -h**3/3 - 5*h**2/2 - 5. Suppose 5*w + b + 23 = 0, b = -4*b + 10. Calculate m(w).
0
Let d(w) = w**3 + 6*w**2 + 5*w + 6. Let m be -1 + 8/(8/(-4)). Give d(m).
6
Let m = -8 - -8. Let n(f) = f - 3. Calculate n(m).
-3
Let q be 1910/(-25) - (-2)/5. Let t be q/(-18) - 4/18. Let b(s) = -s**2 - 2*s - 6. Let u(v) = 3*v**2 + 3*v + 13. Let f(x) = -5*b(x) - 2*u(x). What is f(t)?
4
Let d = 2 + 0. Suppose -d*w + 12 = -4. Suppose -5*p + w = -2*b + 20, 0 = b + 3*p + 16. Let l(f) = f**3 + 4*f**2 - 2. Determine l(b).
-2
Let o be (-2)/((-20)/6 + 2). Let y(d) be the first derivative of o*d**2 + 2 + 0*d - 2/3*d**3. Determine y(2).
-2
Let y(q) = -6*q**3 - q**2 + 1. Suppose -3*n + 5 = -8*n + 2*z, -3*n + 4*z = 17. What is y(n)?
-6
Let c(t) = -4*t + 2. Let y(f) = -7*f + 5. Let g(l) = -5*c(l) + 3*y(l). Suppose -5*q + 3*q + 4 = 0. Suppose 0 = q*d - 0*d. Determine g(d).
5
Let u(m) be the first derivative of 5*m**2/2 - 2*m + 3. Let g(c) = -2*c + 2 - 3*c + 4*c. Let l be g(0). Give u(l).
8
Let q(f) = f**2 - f - 3. Let l be q(3). Let r(a) = -4*a + 7. Let k be r(l). Let n(x) = x**3 + 5*x**2 + 2*x + 7. Give n(k).
-3
Let a(b) be the first derivative of -b**7/120 - b**6/360 - b**5/120 - b**4/24 - 2*b**3/3 + 2. Let z(u) be the third derivative of a(u). Give z(-1).
6
Let q(u) = -3*u - u**2 + 0*u - 12 - 6*u. Let b be q(-8). Let j(s) = -s**2 - 2*s - 3. What is j(b)?
-11
Suppose 8*l - 4*l + 15 = i, -12 = -5*i - l. Let m be i/(-6) + 10/4. Let r(y) = y**2 - 2*y + 1. Determine r(m).
1
Let g(b) = b - 7. Let o(i) = -5 + 6 + 14 + i + 6. Let a be o(-15). Determine g(a).
-1
Let k(q) be the first derivative of q**4/4 + 5*q**3/3 - 4*q**2 - 9*q + 6. What is k(-6)?
3
Let y(w) be the first derivative of 0*w + 0*w**2 - 2/3*w**3 - 1. Suppose -3*u + 2*q = 11, -3*q + 13 = -2*u + u. Give y(u).
-2
Let a be 62/(-4) + (-3)/(-6). Let x be a/(-5)*(1 - 2). Let g(n) = n**2 + 3*n + 2. Calculate g(x).
2
Let y = 7 - 10. Let u = y + 4. Let w(b) = -33*b**3 + 13*b + 9. Let k(g) = -8*g**3 + 3*g + 2. Let f(l) = 9*k(l) - 2*w(l). What is f(u)?
-5
Let j = -5 + 0. Let z(b) = b**2 + 3*b + 4. Determine z(j).
14
Let l(h) be the first derivative of h**3/3 + 3*h**2/2 - 4*h + 1. Give l(-5).
6
Suppose 3*q + 3*l - 10 = 5, 12 = 4*q + 2*l. Let v(k) = 0*k**3 - k**3 + k**2 + 0*k**3 - k**3. Determine v(q).
-1
Let f(c) = -c**2 + c + 3. Let q be f(-3). Let g be ((-12)/q)/(4/(-18)). Let m(h) = h**2 + 5*h - 2. Let r be m(g). Let o(u) = u**2 - 4*u - 3. Determine o(r).
-3
Let s(h) = 3*h + 2 - 17*h**2 + 6*h**2 - 5*h + 12*h**2. Give s(5).
17
Suppose k - 12 = -4*f, -2*k - 2*k = -f + 3. Let p(n) = -3*n + 3. What is p(f)?
-6
Suppose -7 = -i + 4*m, -15 = -4*i - 3*m + 13. Suppose 5*j = 4*a + 10, 8 = -3*j + i*j - 5*a. Let z(l) = -1 + 2*l**2 - 3*l**j - 4 - l. What is z(0)?
-5
Let j(m) be the second derivative of m**4/2 + m**3/6 - m**2/2 - 22*m. Calculate j(1).
6
Let v(c) = -c. Let n(m) = -m**3 + 6*m**2 - m + 7. Let z be n(6). Let t(p) = -8*p - 2. Let k(x) = z*t(x) - 5*v(x). Give k(-4).
10
Let h(m) = m**2 + 7*m + 4. Suppose 3*k = -2*s - 8 + 5, -s = 5*k - 9. Determine h(s).
-2
Let b = 11 - 7. Suppose 2*a + q + 2 = -5, -b*a = -3*q + 29. Let u(c) = -c**3 - 5*c**2 + c - 2. Calculate u(a).
-7
Let o = -159 - -166. Let w(c) = -2*c + 6. Determine w(o).
-8
Let o(g) = -g + 5. Let n(b) = -b**2 + 6*b + 8. Let k be n(7). Suppose -2*a = -2*h + k + 3, -2*a - 5*h + 10 = 0. Determine o(a).
5
Let v(s) = -6*s - 1. Let y(z) = z**3 - 16*z**2 + 16*z - 16. Let a be y(15). Calculate v(a).
5
Suppose -7*d = -8*d + 4. Let g(y) be the third derivative of y**6/120 - y**5/15 - y**4/8 + 2*y**3/3 - 3*y**2. Determine g(d).
-8
Let b(z) = -z**3 - 5*z**2 + 3*z + 3. Let m be b(-6). Suppose -4*w - 6*y = -y + m, 0 